s the ten millions digit of 47390794?
4
What is the units digit of 618049489?
9
What is the hundred thousands digit of 964217650?
2
What is the hundred thousands digit of 138576643?
5
What is the millions digit of 124723874?
4
What is the ten millions digit of 589958286?
8
What is the tens digit of 58595742?
4
What is the ten millions digit of 241833533?
4
What is the billions digit of 6197756173?
6
What is the millions digit of 2331705744?
1
What is the units digit of 66494832?
2
What is the tens digit of 50864506?
0
What is the units digit of 76560024?
4
What is the ten thousands digit of 232244582?
4
What is the billions digit of 1158664405?
1
What is the tens digit of 154732915?
1
What is the millions digit of 31659369?
1
What is the ten thousands digit of 916223492?
2
What is the ten millions digit of 19591343?
1
What is the tens digit of 4279338449?
4
What is the ten millions digit of 77826253?
7
What is the billions digit of 2755504189?
2
What is the thousands digit of 56147665?
7
What is the hundreds digit of 37233637?
6
What is the thousands digit of 5874190?
4
What is the thousands digit of 8522272642?
2
What is the thousands digit of 13987123?
7
What is the units digit of 334868?
8
What is the ten millions digit of 322368247?
2
What is the units digit of 226966681?
1
What is the hundred millions digit of 185790106?
1
What is the units digit of 71312046?
6
What is the ten thousands digit of 55981056?
8
What is the millions digit of 76416410?
6
What is the hundred thousands digit of 1976029?
9
What is the thousands digit of 77855829?
5
What is the units digit of 2661463103?
3
What is the hundreds digit of 395451614?
6
What is the tens digit of 387380708?
0
What is the hundreds digit of 6115909934?
9
What is the units digit of 71514247?
7
What is the units digit of 98194652?
2
What is the ten thousands digit of 606048399?
4
What is the millions digit of 1789313?
1
What is the hundred millions digit of 4862002245?
8
What is the billions digit of 3091632152?
3
What is the units digit of 1912295264?
4
What is the hundreds digit of 11842576?
5
What is the ten millions digit of 3306621147?
0
What is the units digit of 43638972?
2
What is the units digit of 411221196?
6
What is the units digit of 28477230?
0
What is the units digit of 442731544?
4
What is the units digit of 2793911803?
3
What is the tens digit of 380255566?
6
What is the thousands digit of 176867857?
7
What is the millions digit of 109291804?
9
What is the units digit of 401290137?
7
What is the ten thousands digit of 46573077?
7
What is the millions digit of 6441704041?
1
What is the units digit of 317194409?
9
What is the ten millions digit of 3971846390?
7
What is the units digit of 36842664?
4
What is the hundreds digit of 121959587?
5
What is the tens digit of 59161840?
4
What is the hundreds digit of 28051956?
9
What is the units digit of 3325220268?
8
What is the thousands digit of 22053191?
3
What is the hundred thousands digit of 483057047?
0
What is the millions digit of 3063724416?
3
What is the millions digit of 1007093848?
7
What is the units digit of 1314690?
0
What is the hundreds digit of 17233354?
3
What is the units digit of 64545240?
0
What is the units digit of 177424615?
5
What is the thousands digit of 1349299412?
9
What is the hundred millions digit of 1201092844?
2
What is the hundred thousands digit of 338809984?
8
What is the ten millions digit of 828055177?
2
What is the thousands digit of 5597991?
7
What is the hundred millions digit of 3319073340?
3
What is the hundreds digit of 416941565?
5
What is the hundreds digit of 373987745?
7
What is the tens digit of 161116633?
3
What is the hundreds digit of 950210910?
9
What is the tens digit of 38266576?
7
What is the ten thousands digit of 84670947?
7
What is the units digit of 577597981?
1
What is the thousands digit of 46532343?
2
What is the units digit of 1227044527?
7
What is the units digit of 2337566741?
1
What is the billions digit of 2146202918?
2
What is the ten millions digit of 43308515?
4
What is the hundred thousands digit of 246467641?
4
What is the ten thousands digit of 178814998?
1
What is the hundreds digit of 4963362528?
5
What is the ten millions digit of 297646460?
9
What is the ten millions digit of 75658227?
7
What is the hundreds digit of 1197006941?
9
What is the thousands digit of 5402088226?
8
What is the hundred thousands digit of 955135253?
1
What is the thousands digit of 91191682?
1
What is the millions digit of 26100879?
6
What is the ten thousands digit of 210663620?
6
What is the ten millions digit of 2284340085?
8
What is the thousands digit of 9080102?
0
What is the ten millions digit of 13089291?
1
What is the tens digit of 50783615?
1
What is the ten thousands digit of 3340838230?
3
What is the thousands digit of 45608005?
8
What is the hundreds digit of 194795121?
1
What is the millions digit of 701821802?
1
What is the hundreds digit of 517908799?
7
What is the tens digit of 42608940?
4
What is the millions digit of 37567242?
7
What is the units digit of 134858403?
3
What is the ten millions digit of 38636877?
3
What is the billions digit of 3734800259?
3
What is the ten thousands digit of 214427812?
2
What is the thousands digit of 652450338?
0
What is the ten thousands digit of 457068268?
6
What is the hundreds digit of 3569516024?
0
What is the units digit of 331554139?
9
What is the units digit of 67709713?
3
What is the hundred millions digit of 223458007?
2
What is the hundred thousands digit of 24851124?
8
What is the ten thousands digit of 49510453?
1
What is the ten millions digit of 40105825?
4
What is the units digit of 103848632?
2
What is the ten millions digit of 4119172471?
1
What is the hundred millions digit of 222096146?
2
What is the tens digit of 158195531?
3
What is the ten thousands digit of 1505711?
0
What is the thousands digit of 1290315?
0
What is the units digit of 504779716?
6
What is the ten millions digit of 1175658785?
7
What is the ten thousands digit of 113519239?
1
What is the ten thousands digit of 635873468?
7
What is the thousands digit of 115117559?
7
What is the hundred millions digit of 212160259?
2
What is the hundreds digit of 29196300?
3
What is the ten millions digit of 1263039562?
6
What is the thousands digit of 2850526779?
6
What is the millions digit of 33000020?
3
What is the tens digit of 121420453?
5
What is the millions digit of 57788289?
7
What is the hundred thousands digit of 28665198?
6
What is the hundreds digit of 3880840621?
6
What is the tens digit of 2465247566?
6
What is the tens digit of 1080097137?
3
What is the hundred thousands digit of 60307493?
3
What is the thousands digit of 34224298?
4
What is the hundred thousands digit of 773386750?
3
What is the tens digit of 413961417?
1
What is the thousands digit of 101753422?
3
What is the hundred millions digit of 2432731017?
4
What is the tens digit of 136884876?
7
What is the thousands digit of 522051?
2
What is the millions digit of 2912308874?
2
What is the units digit of 191983435?
5
What is the ten thousands digit of 56755069?
5
What is the ten millions digit of 99676639?
9
What is the tens digit of 458740552?
5
What is the thousands digit of 736222048?
2
What is the tens digit of 299943858?
5
What is the tens digit of 297760175?
7
What is the ten thousands digit of 168412610?
1
What is the tens digit of 68588819?
1
What is the ten millions digit of 240890586?
4
What is the hundreds digit of 131533570?
5
What is the millions digit of 182651248?
2
What is the hundred millions digit of 1944006487?
9
What is the thousands digit of 38848606?
8
What is the units digit of 937615156?
6
What is the billions digit of 2129430476?
2
What is the tens digit of 49878554?
5
What is the ten millions digit of 539291781?
3
What is the hundred millions digit of 1381759133?
3
What is the millions digit of 457399126?
7
What is the tens digit of 90883172?
7
What is the billions digit of 2221686475?
2
What is the hundreds digit of 224147304?
3
What is the hundred thousands digit of 2932115?
9
What is the tens digit of 6631734198?
9
What is the units digit of 30317697?
7
What is the thousands digit of 330915189?
5
What is the tens digit of 10028676?
7
What is th